6)/(-33) - 1360/(-22). Let a = m + -38. Calculate the highest common factor of 36 and a.
12
Let n = 52 - -56. Let w = -1 + 13. What is the greatest common factor of n and w?
12
Let c(z) = z**3 - 8*z**2 + 8*z + 4. Let t(b) = -b**3 + 4*b**2 + 4*b - 9. Let u be t(4). Let q be c(u). Calculate the greatest common divisor of 33 and q.
11
Let m = -15 - -45. Let o(u) = -4*u**2 - 82*u - 25. Let r be o(-20). Calculate the highest common factor of m and r.
15
Let z = 21 + -16. Suppose -u + 4*v + 30 = 3*v, 5*u = -z*v + 130. Let o = u - 16. Calculate the highest common divisor of o and 30.
6
Let q(l) = 4*l - 6. Let x(v) = v. Let f be x(3). Let m be 6/2*4/f. Let h be q(m). What is the highest common factor of 30 and h?
10
Let f = -6 + 1. Let t be (f + 2)/(-3)*1. Calculate the greatest common factor of 11 and t.
1
Suppose -2*o = 2, -3*a + o - 80 = -411. Let s = -44 + 46. Suppose n - m - 15 = 0, -9 = -s*n + 5*m + 36. What is the highest common factor of a and n?
10
Let o be (0 + (-1280)/(-12))*(-6)/(-4). What is the highest common divisor of o and 500?
20
Suppose j + 0*j - 2*m = 7, 10 = -5*j - 5*m. Let f be j + (-3 - -6) + -1. Calculate the greatest common divisor of 9 and f.
3
Let r(z) = 3*z + 14. Let h = -34 + 31. Let i be r(h). Calculate the greatest common divisor of i and 95.
5
Suppose -6*a = -12*a + 42. What is the highest common factor of 35 and a?
7
Let y(v) be the first derivative of -71*v**2/2 - 18*v - 31. Let b be y(-4). What is the highest common divisor of b and 38?
38
Let v(r) = 5*r + 81. Let f be v(-11). Calculate the highest common divisor of f and 338.
26
Suppose r + 2*s - 73 = 4*s, 0 = s - 5. Let x(w) = 3*w**3 + 14*w**2 + 2*w + 7. Let d be x(-5). Let a = d + r. What is the highest common divisor of 11 and a?
11
Let u be (-5620)/(-18) - 6/27. What is the greatest common divisor of u and 39?
39
Suppose -230 - 405 = -3*x + 5*g, -2*g = 2. Calculate the greatest common divisor of 189 and x.
21
Let v(c) = c**2 - c - 1. Let s be v(-2). Let k = s - 4. Let p = k + 76. Calculate the greatest common factor of p and 7.
7
Suppose -f = 4*b - 2*f - 85, -4*b + 65 = 3*f. Suppose -4*g + b = -2*w, -5*g - w = -2*w - 22. Let p = -7 - -19. Calculate the highest common factor of g and p.
4
Let r be 4/(-6)*(4158/(-12))/11. Let h = r + 43. Let g = 2 - -14. What is the highest common divisor of h and g?
16
Let n = -3 + -2. Let z(r) = 11*r - 1. Let b be z(n). Let p be (20/8)/((-2)/b). Calculate the highest common divisor of 14 and p.
14
Let b be 1 + 0 + 2 + 1. Suppose -41 - 141 = -91*q. What is the highest common factor of q and b?
2
Let n be (-4)/16 + (-90)/(-8). Let l = 3 + n. Let m = -1 + l. What is the greatest common factor of 65 and m?
13
Let c(x) = -2*x**3 - x**2 + x + 32. Let f be c(0). Calculate the highest common factor of 32 and f.
32
Let k(q) = 1 + 1 - 3*q - 4 + 7*q**2 - q**2. Let c be k(-1). Suppose -12 = -u - o - 1, -u - 3*o + 5 = 0. Calculate the highest common factor of c and u.
7
Suppose 4 = a, 5*a + 1 = c + 9. Let u = 34 - c. Let o = 298 - 122. What is the greatest common factor of o and u?
22
Let v(t) = t + t**3 + 7*t**2 - 12 - 7*t + 2*t - 13. Let n be v(-5). What is the greatest common divisor of n and 15?
15
Let p(z) = 784*z + 256. Let m be p(2). What is the highest common factor of m and 114?
114
Let d(s) = -4*s + 21. Let w be d(-14). Let c be (-2)/((-65)/55 - -1). What is the highest common divisor of w and c?
11
Let b be 1/((5/2)/5). Suppose 2*d = 1 + 287. Suppose -5*w + d = -b*w. What is the greatest common factor of w and 24?
24
Let v be 3/2*(-496)/(-93). Let a be (-21 + -1)*(-20)/v. Calculate the highest common divisor of 605 and a.
55
Let q(u) = -u**3 + 8*u**2 + 11*u + 13. Let d be ((-9)/4)/((-9)/36*1). Let v be q(d). Let f be -62*-9*1/2. What is the highest common divisor of f and v?
31
Let m be (-36)/81 + (-814)/(-9). Calculate the highest common divisor of 20 and m.
10
Suppose 665 + 767 = 3*w + 4*z, 0 = w - z - 475. What is the greatest common factor of 170 and w?
34
Suppose -3*t + 92 = 4*r, 2*t - 4*r - 76 = -3*r. What is the highest common divisor of t and 444?
12
Let t = -402 + 467. Calculate the highest common factor of t and 39.
13
Let d = -3 + 12. Let y(x) = 20*x + 1. Let t be y(0). Calculate the highest common divisor of t and d.
1
Let i(z) = -40*z. Let u be i(-1). Let d(r) = r - 15. Let m be d(0). Let x = -5 - m. What is the highest common factor of u and x?
10
Let d be -10 + 20 - 22 - -76. Calculate the greatest common divisor of d and 544.
32
Suppose -3*m + n = 4, 6 = 2*m + 2*n - 2. Suppose -49 + 217 = 6*j. Suppose m = 3*t - t - j. Calculate the highest common divisor of t and 35.
7
Let t(b) = 3*b**2 + 22*b + 89. Let n be t(22). Calculate the highest common divisor of 30 and n.
15
Let g(h) = -4*h + h**2 + 5*h + 4 - 3*h. Let i be g(2). Calculate the greatest common factor of 8 and i.
4
Suppose -5*l - 2*r = -0*r - 420, -3*l - 2*r = -252. Calculate the highest common factor of l and 21.
21
Suppose -5*m + 6*m = 0. Suppose m = -5*j - 0*j + 120. Let u = -13 + j. What is the greatest common factor of u and 99?
11
Let n be (-1)/4 - 1/(-4). Suppose 0 = -s + 3*s - 4*k - 40, n = 2*s + 3*k - 68. Suppose -6*z - 86 + 128 = 0. What is the highest common divisor of s and z?
7
Let y(z) = -z**3 + z + 33. Let x be y(0). What is the highest common factor of 429 and x?
33
Let y be (-34)/102*-74*3. Calculate the greatest common factor of 370 and y.
74
Suppose -4*w + o = -203, 2*w + 0*w = -3*o + 119. What is the highest common divisor of w and 4?
4
Let l be 15/(-1) + (557 - 535). Let g(p) = -p**3 + p + 7. Let f be g(0). Let b = 14 - f. What is the highest common divisor of l and b?
7
Let v be 93/9 - 10 - (-56)/3. Calculate the highest common factor of 437 and v.
19
Let s(h) = -h**3 + 7*h**2 + 10. Let q be s(7). Let x = 38 - 18. Calculate the highest common divisor of q and x.
10
Suppose -57*z + 30*z = -324. What is the greatest common divisor of z and 27?
3
Let l(r) = r**3 - 10*r**2 + 10*r + 10. Let u be l(9). Let x be 3/(-6) + u/2. Let f be (-363)/(-5) - 9*5/75. Calculate the highest common factor of f and x.
9
Let g(x) be the first derivative of -5*x**2 - 20*x - 11. Let h be g(-9). What is the highest common divisor of 28 and h?
14
Let q(a) = -14*a**3 + 2*a**2 + a + 1. Let y be q(-2). Suppose 0 = p + 3*p - 148. Let l = p - 20. Calculate the greatest common divisor of y and l.
17
Suppose 5*s + 3 = 23. Let j = 1 + s. Suppose -2*f + 3 = -m, 3 = 3*f - j*m + 2. Calculate the greatest common factor of f and 1.
1
Let m(f) = 3*f**3 - 4*f**2 - 7*f - 27. Let y be m(8). What is the highest common factor of 133 and y?
133
Let m(d) = 2*d**2 + 5*d - 4. Let g be m(-6). What is the greatest common divisor of g and 38?
38
Suppose -4*k + 0*k + 124 = 0. Let l(a) = -40*a - 243. Let u be l(-6). Let j = k + u. Calculate the greatest common factor of j and 7.
7
Let x be (0 - -23) + 14/(-7). Let i = 48 - x. Suppose 25*l = 10*l + 1620. Calculate the greatest common divisor of i and l.
27
Let a be ((-42)/(-10))/((-2)/(-20)). Let s be -4 + 156/a - (-226)/7. Calculate the highest common factor of 4 and s.
4
Suppose 44*a - 303 = -83. Calculate the highest common factor of a and 5.
5
Let m(z) = 2*z**2 - 7*z - 46. Let x be m(19). Calculate the greatest common divisor of 3 and x.
3
Let d = 232 - 152. Let l(t) = t**3 - 3*t**2 + 2*t - 4. Let w(v) = -v**2 - 7*v - 6. Let y be w(-5). Let c be l(y). What is the highest common factor of d and c?
20
Suppose 200 - 120 = 4*j. Calculate the greatest common divisor of j and 500.
20
Let p(z) = z**2 - 6*z - 51. Let x be p(-9). What is the highest common factor of 63 and x?
21
Let m = 176 + -74. Let o be m/8*(5/(-5) - -5). Calculate the greatest common divisor of 17 and o.
17
Let l = -234 + 283. Calculate the greatest common divisor of 28 and l.
7
Let h(x) = -29 + 51 + 62 + 2*x. Let b be h(0). What is the highest common factor of b and 24?
12
Suppose 6 = 2*h + h. Let m be 19*1 - (h + -2). Suppose -129*p + 117*p + 912 = 0. What is the highest common factor of p and m?
19
Let f = 37 - 33. Let v be 34/3 - f/(-6). What is the highest common factor of 84 and v?
12
Let t = 47 - 40. What is the greatest common divisor of t and 119?
7
Suppose 36 = 2*f + 4*s, -3*f = s + 15 - 49. Calculate the greatest common factor of f and 160.
10
Suppose -13*j + 1